
List the prime factors of 19086.
2, 3, 3181
What are the prime factors of 51330?
2, 3, 5, 29, 59
List the prime factors of 35022.
2, 3, 13, 449
List the prime factors of 983.
983
List the prime factors of 9239.
9239
List the prime factors of 17139.
3, 29, 197
What are the prime factors of 23774?
2, 11887
What are the prime factors of 14285?
5, 2857
What are the prime factors of 36864?
2, 3
What are the prime factors of 29771?
7, 4253
What are the prime factors of 1221?
3, 11, 37
List the prime factors of 4093.
4093
What are the prime factors of 11317?
11317
What are the prime factors of 9922?
2, 11, 41
List the prime factors of 18007.
11, 1637
List the prime factors of 39777.
3, 13259
List the prime factors of 6145.
5, 1229
What are the prime factors of 694?
2, 347
List the prime factors of 8921.
11, 811
What are the prime factors of 68444?
2, 71, 241
List the prime factors of 5800.
2, 5, 29
What are the prime factors of 18314?
2, 9157
What are the prime factors of 2248?
2, 281
What are the prime factors of 7530?
2, 3, 5, 251
List the prime factors of 19036.
2, 4759
What are the prime factors of 43030?
2, 5, 13, 331
What are the prime factors of 434?
2, 7, 31
List the prime factors of 2147.
19, 113
What are the prime factors of 760?
2, 5, 19
What are the prime factors of 1060?
2, 5, 53
List the prime factors of 24.
2, 3
What are the prime factors of 705?
3, 5, 47
What are the prime factors of 50393?
7, 23, 313
What are the prime factors of 4704?
2, 3, 7
What are the prime factors of 12625?
5, 101
What are the prime factors of 4156?
2, 1039
List the prime factors of 2781.
3, 103
List the prime factors of 49371.
3, 7, 2351
What are the prime factors of 655?
5, 131
What are the prime factors of 9815?
5, 13, 151
What are the prime factors of 239?
239
List the prime factors of 7459.
7459
List the prime factors of 4284.
2, 3, 7, 17
What are the prime factors of 204?
2, 3, 17
What are the prime factors of 3641?
11, 331
List the prime factors of 1102.
2, 19, 29
What are the prime factors of 15246?
2, 3, 7, 11
What are the prime factors of 28978?
2, 14489
What are the prime factors of 1023?
3, 11, 31
What are the prime factors of 124770?
2, 3, 5, 4159
List the prime factors of 68208.
2, 3, 7, 29
What are the prime factors of 18973?
18973
What are the prime factors of 16851?
3, 41, 137
What are the prime factors of 7110?
2, 3, 5, 79
List the prime factors of 2501.
41, 61
What are the prime factors of 4528?
2, 283
List the prime factors of 43432.
2, 61, 89
What are the prime factors of 22454?
2, 103, 109
List the prime factors of 17629.
17, 61
What are the prime factors of 5444?
2, 1361
List the prime factors of 1706.
2, 853
What are the prime factors of 962?
2, 13, 37
What are the prime factors of 92747?
163, 569
List the prime factors of 2987.
29, 103
List the prime factors of 19877.
11, 13, 139
List the prime factors of 2372.
2, 593
What are the prime factors of 744?
2, 3, 31
What are the prime factors of 114302?
2, 67, 853
What are the prime factors of 19481?
7, 11, 23
List the prime factors of 8375.
5, 67
What are the prime factors of 9940?
2, 5, 7, 71
List the prime factors of 60708.
2, 3, 5059
List the prime factors of 121511.
13, 719
List the prime factors of 7491.
3, 11, 227
What are the prime factors of 2639?
7, 13, 29
What are the prime factors of 286?
2, 11, 13
What are the prime factors of 20622?
2, 3, 7, 491
List the prime factors of 1379.
7, 197
What are the prime factors of 24265?
5, 23, 211
What are the prime factors of 3672?
2, 3, 17
List the prime factors of 7454.
2, 3727
List the prime factors of 10079.
10079
List the prime factors of 144374.
2, 37, 1951
List the prime factors of 314.
2, 157
List the prime factors of 2415.
3, 5, 7, 23
What are the prime factors of 73284?
2, 3, 31, 197
What are the prime factors of 5261?
5261
What are the prime factors of 880?
2, 5, 11
List the prime factors of 323.
17, 19
List the prime factors of 39139.
39139
List the prime factors of 36343.
36343
What are the prime factors of 4908?
2, 3, 409
What are the prime factors of 25723?
29, 887
What are the prime factors of 24256?
2, 379
List the prime factors of 20158.
2, 10079
List the prime factors of 111440.
2, 5, 7, 199
List the prime factors of 10432.
2, 163
List the prime factors of 6295.
5, 1259
List the prime factors of 4666.
2, 2333
What are the prime factors of 93056?
2, 727
What are the prime factors of 20574?
2, 3, 127
List the prime factors of 72206.
2, 79, 457
List the prime factors of 35973.
3, 7, 571
What are the prime factors of 784?
2, 7
List the prime factors of 8977.
47, 191
What are the prime factors of 3750?
2, 3, 5
List the prime factors of 2199.
3, 733
What are the prime factors of 2670?
2, 3, 5, 89
What are the prime factors of 30984?
2, 3, 1291
What are the prime factors of 143619?
3, 7, 977
List the prime factors of 1914.
2, 3, 11, 29
What are the prime factors of 24275?
5, 971
What are the prime factors of 1151?
1151
List the prime factors of 10437.
3, 7, 71
List the prime factors of 75240.
2, 3, 5, 11, 19
What are the prime factors of 41155?
5, 8231
List the prime factors of 27578.
2, 13789
List the prime factors of 11193.
3, 7, 13, 41
What are the prime factors of 1554?
2, 3, 7, 37
List the prime factors of 51254.
2, 7, 523
What are the prime factors of 66?
2, 3, 11
List the prime factors of 18041.
18041
What are the prime factors of 79345?
5, 7, 2267
What are the prime factors of 1219?
23, 53
What are the prime factors of 2369?
23, 103
List the prime factors of 9184.
2, 7, 41
List the prime factors of 14380.
2, 5, 719
What are the prime factors of 3501?
3, 389
List the prime factors of 14758.
2, 47, 157
List the prime factors of 2635.
5, 17, 31
List the prime factors of 75557.
75557
List the prime factors of 331.
331
What are the prime factors of 18104?
2, 31, 73
What are the prime factors of 53879?
7, 43, 179
What are the prime factors of 3241?
7, 463
List the prime factors of 41449.
181, 229
What are the prime factors of 33050?
2, 5, 661
List the prime factors of 26502.
2, 3, 7, 631
What are the prime factors of 7588?
2, 7, 271
List the prime factors of 5972.
2, 1493
What are the prime factors of 4048?
2, 11, 23
What are the prime factors of 43399?
43399
What are the prime factors of 407?
11, 37
What are the prime factors of 40112?
2, 23, 109
What are the prime factors of 68?
2, 17
List the prime factors of 7969.
13, 613
List the prime factors of 661.
661
List the prime factors of 893.
19, 47
What are the prime factors of 636?
2, 3, 53
What are the prime factors of 19180?
2, 5, 7, 137
What are the prime factors of 39136?
2, 1223
List the prime factors of 16455.
3, 5, 1097
List the prime factors of 8710.
2, 5, 13, 67
List the prime factors of 1270.
2, 5, 127
List the prime factors of 81613.
7, 89, 131
What are the prime factors of 2411?
2411
What are the prime factors of 2418?
2, 3, 13, 31
List the prime factors of 35082.
2, 3, 1949
What are the prime factors of 1319?
1319
List the prime factors of 1618.
2, 809
What are the prime factors of 144047?
283, 509
What are the prime factors of 15391?
15391
What are the prime factors of 38333?
38333
List the prime factors of 5317.
13, 409
List the prime factors of 1199.
11, 109
List the prime factors of 12653.
12653
List the prime factors of 17297.
7, 353
What are the prime factors of 70091?
7, 17, 19, 31
List the prime factors of 678.
2, 3, 113
List the prime factors of 44356.
2, 13, 853
What are the prime factors of 55247?
101, 547
List the prime factors of 23541.
3, 7, 19, 59
List the prime factors of 718.
2, 359
What are the prime factors of 46511?
46511
What are the prime factors of 1285?
5, 257
What are the prime factors of 104319?
3, 67, 173
What are the prime factors of 867?
3, 17
What are the prime factors of 1991?
11, 181
List the prime factors of 18796.
2, 37, 127
What are the prime factors of 13599?
3, 1511
What are the prime factors of 2380?
2, 5, 7, 17
List the prime factors of 1460.
2, 5, 73
List the prime factors of 962.
2, 13, 37
List the prime factors of 102.
2, 3, 17
List the prime factors of 1819.
17, 107
List the prime factors of 368.
2, 23
List the prime factors of 73546.
2, 11, 3343
List the prime factors of 27699.
3, 7, 1319
What are the prime factors of